 x(-17)?
0
Suppose 3*m - 5*b = 10, -b = -49*m + 44*m + 24. What is the units digit of 897 - (m + -4 + 5)?
1
Suppose -5*i + 44537 = -f, -10*i + 26731 = -7*i - 5*f. What is the tens digit of i?
0
Let x(z) = 29*z**3 - 12*z**2 + 6*z + 1. Let p(q) = -30*q**3 + 14*q**2 - 7*q - 1. Let h(c) = -6*p(c) - 7*x(c). What is the hundreds digit of h(-2)?
1
Let t(o) = 4055*o**2 - 110*o - 384. What is the tens digit of t(-4)?
3
Let p = -25 - -29. Suppose -3*v = -b + 3*b - 817, 1623 = p*b - 5*v. Suppose 799 = 9*s - b. What is the units digit of s?
4
Suppose -5*a - 4*i = -202951, 4*a + 25*i - 162344 = 26*i. What is the hundreds digit of a?
5
Let b = 271 - 256. Suppose 2*j = b*j - 2756. What is the tens digit of j?
1
Let s = 98370 + -57108. What is the ten thousands digit of s?
4
Let f = 122 - 122. Suppose f = -94*r + 86*r + 5504. What is the hundreds digit of r?
6
Let v(j) = -60*j - 21. Let b = -96 + 91. What is the tens digit of v(b)?
7
Let s be -2 - (7 - 6 - (649 - 0)). Suppose 4*a - 4*f = 640, 4*a - f - s = f. What is the tens digit of a?
6
Let g(y) = y**2 - 5*y - 1. Let n be g(6). Let t(x) = 34*x - 12. Let h be t(n). Suppose 4*m + 4*z - 50 = h, -142 = -3*m + 4*z. What is the units digit of m?
0
Suppose 2165 = j - 6092 - 4193. What is the units digit of j?
0
Let n be (52/(-182))/((-1)/(-14)). Let y(m) = 25*m**2 + 13*m + 61. What is the units digit of y(n)?
9
Suppose -2*b - 18138 = -5*b + 3*j, -b + 2*j = -6047. What is the tens digit of b?
4
Suppose 4*m = q - 21, 0*q + 5*m = -4*q. Suppose -h - 132 = -q*h. Let k = h + 58. What is the units digit of k?
1
Suppose 0 = 53*z - 4307 - 4014. What is the units digit of z?
7
Suppose 5*r + 270 = 3*m - 212, -383 = 4*r - 5*m. Let u = r + 607. What is the tens digit of u?
1
Let d = 132 - 202. Let s be (-124)/(-10)*d/(-7). Suppose 7*w - 9*w = -s. What is the tens digit of w?
6
What is the thousands digit of -41*(-966)/84*(-4 + 186*1)?
5
Let t(h) = -4*h**2 + 78*h - 371. Let v be t(10). Let x(r) be the first derivative of r**3 - 11*r**2/2 - 4*r - 1. What is the units digit of x(v)?
0
Let c(t) = -180*t - 194*t - 79*t + 6 - 27. Let b be c(-9). What is the hundreds digit of b/36 + (-1)/(-3)?
1
Let f(k) = 3*k**2 - 2*k + 1. Let t be f(-2). Let b(i) = -i**2 + 26*i - 9. What is the tens digit of b(t)?
4
Suppose -6*t = -4239 - 22821. What is the tens digit of t?
1
What is the tens digit of -9 + 8/2 - -13592 - 9?
7
Suppose -17*a - 251012 = -626389. What is the ten thousands digit of a?
2
Let i(k) be the third derivative of -k**5/60 + 61*k**4/24 + 115*k**3/6 + 162*k**2. What is the thousands digit of i(34)?
1
Let v(l) be the second derivative of -41*l**6/720 + 11*l**5/60 - 13*l**4/12 + 12*l. Let f(s) be the third derivative of v(s). What is the tens digit of f(-4)?
8
Suppose -24 = -4*n - 4*n. Suppose 2*j - 4 = -2*q, -n*j + 0*j = -2*q - 16. What is the tens digit of (-5)/25 - (q + 586/(-5))?
1
Suppose 237509 = 43*s + 62112. What is the hundreds digit of s?
0
Suppose n + 3*n - 4*q = 8, 5*n - 18 = q. Suppose 2*j + 8 = 4*m, n*j = 3*m + j. What is the units digit of (-2)/4*-74 - m?
3
Let y be (16 + -30)/(1/(-43)). Suppose 388 + y = 6*u. What is the units digit of u?
5
Let d(m) = 94*m**2 - 11*m + 3. What is the hundreds digit of d(3)?
8
Suppose -5*c - 2357 = -2*h, -4*h + 93*c + 4727 = 96*c. What is the hundreds digit of h?
1
What is the thousands digit of -887*(18 - 12)*(-1)/(-4)*-38?
0
Let b(i) = i**2 - 2*i + 12. Let p = 73 + -65. Let v = -16 + p. What is the tens digit of b(v)?
9
Suppose 20*w + 8 = i + 22*w, 4*w - 16 = -3*i. Suppose 2*k - 4*y + 9*y = 3074, 2*k - 2*y - 3060 = i. What is the units digit of k?
2
Suppose -33 = -4*v - 9. Let o(l) = 7*l + 9. Let d be o(v). Let u = -34 + d. What is the tens digit of u?
1
What is the ten thousands digit of (-72)/(-576) + (-540311)/(-8)?
6
Let r(h) = 2*h**3 + 50*h**2 + 157*h + 25. What is the units digit of r(-20)?
5
Suppose 7509 + 23421 = 5*j. What is the tens digit of j/12 - 3/6?
1
Let n = -28 + 31. Let h be -7*(-3)/(-9) + 1/n. What is the tens digit of 3 + h + -1 - -82?
8
Let r(t) = 2*t**2 + 2*t + 4. Let g(c) = -9*c**2 - 9*c - 15. Suppose 0 = 3*i - 4*i - 21. Let j(u) = i*r(u) - 5*g(u). What is the units digit of j(-4)?
7
Suppose 0 = 26*q - 325 - 143. What is the hundreds digit of ((-1329)/(-3) - 0)/(9/q)?
8
Let y = -572 - -319. Let h = y - -364. Suppose -2*a + 171 + h = 0. What is the tens digit of a?
4
Suppose -28*f = -349049 - 134763. What is the thousands digit of f?
7
Suppose -9*f - 24859 = -31333 - 138732. What is the thousands digit of f?
6
Suppose 0 = -0*j - 3*j. Suppose j = 2*a - 4*i - 80, 0 = -2*i - 0*i - 2. Suppose -5*y + 32 + a = 0. What is the units digit of y?
4
Let x be 80/(-400)*(-1 - -1). Suppose 4*a - k - 2338 - 3 = 0, x = 2*a - 3*k - 1173. What is the hundreds digit of a?
5
Suppose -12*a - 3334 = -19738. Suppose -42 = 5*v - a. What is the hundreds digit of v?
2
Let m be 10/(-4)*(-16)/(-20) + 46. Suppose m - 171 = -k. What is the hundreds digit of k?
1
Let l = -10 + 14. Let x be (12/9 - l)*-15. Suppose 0 = -2*t - o + x, -4*t + 3*o + 102 = 2. What is the tens digit of t?
2
Let x be (1/(-3))/((-6)/9)*-70. Suppose 0*n - 2*n - 13 = -3*q, 0 = 3*n + 15. What is the units digit of 23/(-1)*q*(32 + x)?
9
Suppose -41*g = -8*g - 225489. What is the tens digit of g?
3
Let h(d) = 511*d - 4308. What is the thousands digit of h(74)?
3
Let t be (-1 + -3 - -4)/(-1). Suppose 3*h + 2*d + 58 = -t*d, d + 5 = 0. Let r(n) = -n**3 - 17*n**2 - 17*n + 15. What is the tens digit of r(h)?
3
Let x(n) = -n**3 - 17*n**2 + 10*n + 87. Suppose 0 = -11*t + 16*t + 90. What is the hundreds digit of x(t)?
2
Let t(b) = 2*b**2 + 11*b + 19. Let s be t(-2). Suppose -5*o + 3520 = 5*z, -s*z + z = -12. What is the hundreds digit of o?
7
Let n = 9532 + 17674. What is the ten thousands digit of n?
2
Let g(p) be the second derivative of 2*p**5/5 + p**4/2 - p**3 + 9*p**2 - 4*p + 3. What is the units digit of g(4)?
2
Suppose 4*m + 2*x = 54660, -2*m = -2*x + 93 - 27405. What is the units digit of m?
2
Let a(h) = -h**3 - h**2 + 17*h - 53. Let n be a(7). Let k = n - -1182. What is the units digit of k?
6
Suppose 0 = 17*n - 43210 - 177042. What is the tens digit of n?
5
Suppose 123*s = 119*s - 1820. Let t = 169 - s. What is the hundreds digit of t?
6
Let z be (-16)/6*(11 - 3285/36). What is the units digit of (6*z/(-6))/((-4)/6)?
1
Suppose -9 = -2*d + p, -2*p - 24 = -2*d + 2*p. Suppose -3*j - d*a - 5 = -0*a, -4*a - 1 = -3*j. Let t(o) = 17*o**2 - 1. What is the tens digit of t(j)?
1
Let g = 32 + -20. Suppose 6*s - 18 - g = 0. Suppose -k + 27 = -5*h, 4*k + 5*h - 3 = s. What is the units digit of k?
7
Let q = 479 + -199. What is the units digit of q - 17/((-34)/12)?
6
Suppose -5*n - 31 = 19. Let i be ((-2)/n)/((-6)/(-5430)). Suppose 3*x - t = 3*t + i, -4*t = -4*x + 236. What is the tens digit of x?
5
Let o(t) = -t**3 - 50*t**2 - 17*t - 29. Suppose -597 = -22*c - 1697. What is the units digit of o(c)?
1
Let g = 659 + 196. Let p = g - 569. What is the hundreds digit of p?
2
Suppose -51*s + 52*s - 271 = 0. Let t = s - 13. Suppose 0 = -7*n + 10*n - t. What is the tens digit of n?
8
Let p = 1262 - 668. Suppose -136 + 798 = 2*o. Let h = p - o. What is the tens digit of h?
6
Suppose 43*a - 30 = 38*a. Suppose -5*j = -a*j - 10. Let p(m) = -12*m - 21. What is the tens digit of p(j)?
9
Let c = -62810 + 88550. What is the units digit of c?
0
Let g be ((-32)/12)/2*-84. Let d = 209 + g. What is the units digit of d?
1
Let t(l) = -523*l + 44. Let v be t(-4). Let r = -1392 + v. What is the units digit of r?
4
Let p(k) = 17*k**2 - 40*k - 7. Let r be p(-9). Suppose y + 6 = -2*y, 4*f + y = r. What is the tens digit of f?
3
Let i be (-1 - -2)*((-228)/(-19) + -11). Let a(t) be the first derivative of 173*t**4/4 + t**3/3 + 1. What is the hundreds digit of a(i)?
1
Suppose -1351*t + 67800 = -1331*t. What is the hundreds digit of t?
3
Suppose -13780630 = -55*x - 240*x. What is the units digit of x?
4
Suppose k + 3*d = -7, -14 = 4*k + 4*d + 30. Let u(o) = -11*o - 19. What is the units digit of u(k)?
4
Let c be (-8)/20 - 1374/(-10). Let l(y) = y**2 - 59*y - 27. Let f be l(60). Let a = f + c. What is the units digit of a?
0
What is the hundreds digit of (16/(-6))/((-288)/7981416)?
9
Let z(f) = 2*f. Let a be z(4). Let l = a - -39. What is the tens digit of l?
